hen 1/(2/4 + 0) is divided by x?
0
Suppose t + 17*n - 332 = 18*n, -9 = 3*n. What is the remainder when t is divided by 9?
5
Suppose -v - 1 = 0, 4*k - 3*v + 100 = 267. Let i(m) = -52*m + 14. Let l be i(6). Calculate the remainder when k is divided by (-8)/28 - l/14.
20
Let q = -7089 - -7099. Calculate the remainder when 13/((2 - 0)/4) is divided by q.
6
Suppose -7*u + 390 = 2*t - 10*u, -u = -3*t + 599. Calculate the remainder when t is divided by 17.
14
Let z(o) = -2*o**3 + 0*o + 3*o**3 - 2 + 9*o**2 + 2*o + 6*o. Let f be z(-8). Calculate the remainder when 33 is divided by ((-3)/f + -1)*24.
9
Calculate the remainder when (3*(-252)/(-4))/(39/39) is divided by 36.
9
Let d = -1065 - -1079. What is the remainder when 1537 is divided by d?
11
Let q(b) be the second derivative of -1/6*b**3 - b**2 + 13/6*b**4 + 4*b + 0. What is the remainder when 73 is divided by q(-1)?
23
Suppose -348 = -2*t + 2*y + 1314, 0 = 5*t - 3*y - 4163. What is the remainder when t is divided by 31?
29
Let t = -37 + 49. What is the remainder when t is divided by 10/240*8 + 28/6?
2
Calculate the remainder when 42 is divided by 85/17 - (-6 + 1).
2
Suppose -5*p = -4*p + 2. Let j(h) = 4*h - 4. Let m be j(p). Let l = 0 - m. What is the remainder when 31 is divided by l?
7
Suppose -4*z = -r - 2, 16 + 4 = 5*z. Let x = -2160 - -2240. What is the remainder when x is divided by r?
10
Suppose -k - k + 5*r = -34, 0 = 3*k - 3*r - 60. Calculate the remainder when (30/60)/((-1)/(-82)) is divided by k.
19
Let i = -212 - -272. Suppose -3*r = g - 6, 2*g - 5*g - 3 = 2*r. Suppose r*t + 2*o = -t + i, o = -3*t + 43. What is the remainder when 50 is divided by t?
11
Calculate the remainder when (3 + -12)*(-76)/18 is divided by 23.
15
Let i(m) = m**3 - 6*m**2 + 6*m - 5. Let z be i(5). Suppose z = 4*v + 3 - 15. Suppose -33 = -v*d + 12. Calculate the remainder when 29 is divided by d.
14
Let t(s) = 17*s + 1. Let q be t(-1). Let p = -6 - q. Let a = -32 + 61. What is the remainder when a is divided by p?
9
Let a(d) = -20*d + 1790. Let f(r) = 58*r + 12. Let u(p) = 39*p + 8. Let m(o) = -5*f(o) + 7*u(o). What is the remainder when m(-3) is divided by a(89)?
7
Let d = 17 + -11. Let b = 71 + d. What is the remainder when b is divided by 7 - (6 + 2) - (-20 + -1)?
17
Let w be 4*(-3 + 4) + 262. Let k = 380 - w. What is the remainder when k is divided by 23?
22
Suppose -35 = -2*g - v, -v - 8 = -3. Calculate the remainder when 5*(436/g + -1) is divided by 27.
23
Let q = 48 - 46. Suppose 5*l + 19 = q*o - 34, 5*l + 95 = 5*o. What is the remainder when o is divided by 10?
4
Suppose -6*i - 22 = -88. What is the remainder when 51 is divided by i?
7
Let u = 36 + 266. What is the remainder when u is divided by 16?
14
Let i(h) = -h**2 - 7*h + 12. Let z be i(-6). Suppose 2*x - z = r + 11, -2*x + 5*r = -25. Let a = -6 + x. Calculate the remainder when 15 is divided by a.
6
Suppose -2*f + 6 = -d + 3*f, 2*d = -2*f + 24. Let i = d - 63. Calculate the remainder when (-2202)/i - (-2)/9 is divided by 7.
6
Let o(y) = 69*y**2 + y + 157. What is the remainder when o(0) is divided by 56?
45
Suppose 4 = b - 40. Calculate the remainder when 2428/b - ((-20)/(-22))/5 is divided by 4/(-14) - (-205)/7.
26
Suppose -21 = 4*g + 11. Let z = -5 - g. Let m = z + 1. What is the remainder when 6 is divided by m?
2
Suppose 132 + 43 = h. What is the remainder when h is divided by 62?
51
Suppose 605 - 780 = -7*y. Suppose 3*m + 3 - 30 = 0. What is the remainder when y is divided by m?
7
Let w be (-15)/(-10)*(-516)/9. What is the remainder when 0 + 1 - (w - 0) is divided by 18?
15
Let w be 8/(-4) + -5 + 1. Let r(j) = -j**3 - 5*j**2 + j + 6. What is the remainder when 70 is divided by r(w)?
34
Suppose 7*v - 45 = 4*v. What is the remainder when 8 is divided by v/9*-1*-3?
3
Suppose 12*j - 21*j + 171 = 0. What is the remainder when 73 is divided by j?
16
Suppose 3*w - 861 - 21 = 0. What is the remainder when w is divided by 33?
30
Let t be 3 + -4 + 3 - -22. What is the remainder when 46 is divided by (32/t)/(1/9)?
10
Let t = -39 - -56. Suppose -3*n - 48 + 129 = 0. Let d = n - -38. What is the remainder when d is divided by t?
14
Let f(d) = -d + 2. Let z be f(6). Suppose k - 5*q = -9, 2*k - 3*q - 3 = -7. Calculate the remainder when 100/z*-1*k is divided by 9.
7
Suppose x = -5*u + 153 + 112, -5*x = -3*u + 131. Calculate the remainder when 2174/14 - (-8)/(-28) is divided by u.
51
Let l(u) = -u**3 - 8*u**2 - 17*u + 39. What is the remainder when l(-7) is divided by 23?
17
Suppose s - 6 = -1. Suppose -5*w - 2 = l - 0, 11 = s*l + 4*w. What is the remainder when l/(4 + 2 + -5) is divided by 3?
0
Let f = -158 - -198. What is the remainder when 156 is divided by f?
36
Suppose l + 90 = 6*l. Calculate the remainder when 10 is divided by l/15*(4 - -1).
4
Let u(z) = -z**2 + 31*z + 397. Calculate the remainder when 336 is divided by u(-8).
81
Let w = -691 - -741. Calculate the remainder when w is divided by 8/(-2) - (-35 - -5).
24
Suppose -4*t + 2*o + 86 = 0, -o = -7*t + 3*t + 85. What is the remainder when 607 is divided by t?
19
Let v be 46/(-4) - (-1)/2. Let o = -10 - -14. Calculate the remainder when -19*(v + 3)/o is divided by 20.
18
Let b(p) = -7*p - 210. Let k be b(-31). Let c be 0 - 3*-4 - 0. Let o = k + c. Calculate the remainder when 37 is divided by o.
18
Let u = 15 - 17. What is the remainder when 15/(-30)*61*u is divided by 17?
10
What is the remainder when (-3 - -570)/7 - 1 is divided by 12?
8
Suppose 54*y - 5*o + 445 = 56*y, -4*o - 490 = -2*y. What is the remainder when y is divided by 17?
14
Let c(f) = -17*f + 271. What is the remainder when 30 is divided by c(15)?
14
Calculate the remainder when 106 is divided by (-7 - -16 - 18)/(1/(-2)).
16
Suppose 0 = -4*a - 4*s + 540, 2*a - 262 = -0*a + 2*s. Suppose 0 = -4*f + a + 63. Calculate the remainder when f is divided by 17.
15
Let p(s) = -6*s - 9. Let z be p(-5). Suppose -z + 81 = 5*t. Suppose 0 = -l - l + t. What is the remainder when 23 is divided by l?
5
Let n = 9 + -6. Let v(c) = -n*c**3 + 0*c - 1 + 4*c**3 - c + 5*c + 7*c**2. Calculate the remainder when v(-6) is divided by 4.
3
Let h be (-100)/28 + 12/(-28). Let p = h + 51. What is the remainder when p is divided by 8?
7
Suppose 3*d + 4*q - 13 = 0, 0 = -4*d + 3*q - 0*q + 59. Let w = 30 - d. Calculate the remainder when 54 is divided by w.
16
Let q = 91 + -65. Let n(h) = 8*h - 193. What is the remainder when q is divided by n(25)?
5
Let s(b) = 100*b + b**2 - 98*b - 3 - 19. What is the remainder when 49 is divided by s(-7)?
10
Let y be -4*(-3)/15 + 42/10. What is the remainder when 74 is divided by 17 - (12/y + (-2)/5)?
14
Suppose -3*v = 2*v - 10. What is the remainder when 108 is divided by (-2 + 1)*(-17*v - 3)?
34
Let u = -129 - -131. What is the remainder when 15 is divided by u?
1
Suppose p + 21 = v - 0*v, 2*v = -p + 51. Suppose -249 = 21*d - v*d. What is the remainder when d is divided by 22?
17
Suppose 0 = -5*x - 0*w + 4*w + 77, -x = -4*w - 25. Suppose x = -2*s + 45. What is the remainder when 45 is divided by s?
13
Let r be 4/(-56)*-356*7. Let s = r - 151. What is the remainder when 72 is divided by s?
18
Let c = 45 - 7. Let n = c - 22. What is the remainder when n is divided by 8?
0
Let h = -12 - -17. Let w = h - 1. Suppose -33 = -3*k - 3*n, 3 = -24*n + 23*n. What is the remainder when k is divided by w?
2
Let r(b) be the first derivative of b**3/3 - 9*b**2 - 28*b - 17. Suppose -5*a + 111 = -5*t + 1, 0 = -t - 1. What is the remainder when a is divided by r(20)?
9
Let c = 224 - 219. Suppose u + 5*b = 4*u - 38, 0 = u + c*b + 14. Calculate the remainder when (-1)/1*(-17 + 0) is divided by u.
5
Let t = 34 - -26. Suppose 3*s - 2 = 91. What is the remainder when t is divided by s?
29
Calculate the remainder when (-60)/(-48)*4 + (-626)/(-2) is divided by 80.
78
Suppose 0*t + 40 = 5*t - 5*u, -5*t + 16 = u. Let z be (t + -2 - 3) + 1. Let g = z - -14. Calculate the remainder when 54 is divided by g.
12
Let r = 40 - -18. Let z(l) = -l**2 - 11*l - 10. What is the remainder when r is divided by z(-6)?
18
Let c = 259 - 28. Calculate the remainder when c is divided by 47.
43
Let f(u) = 2*u + 8. Let r be f(-4). What is the remainder when 21 is divided by (24 + -37)*(r/(-2) - 1)?
8
What is the remainder when 160 is divided by (-24930)/(-1939)*(1 - (-22)/6)?
